5*y(o). What is the units digit of p(-12)?
6
Suppose 32256 = 52*r - 48*r. Suppose 15*a = r - 2094. What is the tens digit of a?
9
Let y(s) = -67*s - 26. Let r be y(6). Let p = 718 + r. What is the units digit of p?
0
Let g(p) = -10*p - 6. Let r = 3 - 7. Let k be g(r). Suppose -36*v + k*v = -490. What is the units digit of v?
5
Let d be (-2 + -1240 + -2)/(-2). Suppose 5*q = d + 198. What is the units digit of q?
4
Let n be 846/(3 - -6) + -10. Suppose 4*i = -i + 25. Suppose n = -i*t + 284. What is the tens digit of t?
4
Suppose 4*n = 9738 - 58. Suppose -i + n = 3*i. Suppose -5*z = -3*f - 0*f + 363, 5*f - 3*z - i = 0. What is the tens digit of f?
2
Let t = 189 + -129. Suppose -t = -8*z + 2*z. Suppose -40 = -a + 2*r, -r - 9 = -z. What is the tens digit of a?
4
Let h(x) = -29*x - 19. Let n be ((-6)/8)/((-2)/(-16)). Let i be n/(-18) - 10/3. What is the units digit of h(i)?
8
Suppose 2*c = s + 5702, -3*c + 15*s - 19*s = -8531. What is the units digit of c?
9
Let u = -430 + 295. Let h = -11 - u. Let d = -88 + h. What is the units digit of d?
6
Suppose -16*g = -20*g + 3*f + 15, 5 = -4*g - f. Let b(i) = -i + 1063. What is the tens digit of b(g)?
6
Let x be (2/((-8)/202))/((-47)/(-94)). Let w = 194 + x. What is the units digit of w?
3
Let u(w) = -5*w + 2. Let y be 14 - 15 - (-2 - -1). Let f be u(y). Suppose -v = f*v - 165. What is the tens digit of v?
5
Let k = -66 - -36. Let j = k + 49. Suppose 21*s - 18 = j*s. What is the units digit of s?
9
Suppose -7*s - 6866 + 9911 = 0. What is the hundreds digit of s?
4
What is the hundreds digit of (-23182)/(-1) + (-209 - -214) + (-2 - 0)?
1
Let m = 85 - 153. Let i = m + -77. Let b = i + 299. What is the units digit of b?
4
Suppose -2*a + 4*l = 2*a - 284, 3*a - 213 = l. Let k = 10 + a. Suppose 4*y = k + 167. What is the units digit of y?
2
Suppose -26*l - 165692 = -4*h - 24*l, 2*h + 2*l - 82858 = 0. What is the thousands digit of h?
1
Let m(n) = 4*n + 60. Let o be m(-15). Suppose o = -5*u + 5*l + 1395, 4*l - 191 - 646 = -3*u. What is the units digit of u?
9
Let z = -225 + 229. Suppose -3*p - 2*f = p - 232, -5*p = z*f - 293. What is the tens digit of p?
5
Let d be 228/570 + (0 - 73153/(-5)). What is the hundreds digit of d/21 + (-4 - 90/(-21))?
6
Let s = 627 - -108. What is the units digit of s*14*14/147?
0
Let c(m) = 9*m**2 - 19*m - 4. Let w be c(15). Suppose 3*y = -y + 4*n + w, 0 = -2*y + 4*n + 870. What is the tens digit of y?
3
Let c(w) be the second derivative of w**4/12 + w**3/6 + 15*w. Let r(o) = -71*o**3 - 5*o**2 - 4*o. Let v(i) = 3*c(i) + r(i). What is the units digit of v(-1)?
0
Suppose -m - 3*x + 33863 = 5561, 2*m + 3*x = 56583. What is the thousands digit of m?
8
Let d(k) = -1483*k - 31. What is the thousands digit of d(-3)?
4
What is the tens digit of (23/(-1))/(((-8)/(-15084))/(124/(-279)))?
7
Suppose 0 = 5*a + 5*k - 15, 3 = -a + 4*k + 1. Let v(s) = 12*s**3 + s**2 + 9*s - 17. What is the units digit of v(a)?
1
Let q(u) = 236*u - 117. What is the hundreds digit of q(38)?
8
Suppose 2*p - 6*p + 860 = 0. Suppose 11*g - p = 10*g. What is the hundreds digit of g?
2
Suppose -253 = -4*d - 65. Let v = 47 - d. Suppose -i + 3*u + 42 = v, 0 = 3*i - 4*u - 34 - 107. What is the units digit of i?
1
Let v(g) = -271*g + 11. Let n be v(4). Let z = -764 - n. What is the tens digit of z?
0
Suppose 67*c + 1456764 = 178*c. What is the units digit of c?
4
Suppose -2*m + 55*o - 58*o = -3689, o - 5 = 0. What is the hundreds digit of m?
8
Suppose -3*g + 8*r + 253 = 3*r, -3*g + r + 269 = 0. Let p = 135 - 76. Let l = g - p. What is the tens digit of l?
3
Let x(h) = -2*h**2 - 7*h - 21. Let n be x(-5). Let z be -2 + n/(2/(-2)). Let s = z - 3. What is the units digit of s?
1
Let b(u) = -u**2 - 4*u + 6. Let s be b(-4). Suppose -s*w - 23 = -65. Let h = 10 - w. What is the units digit of h?
3
Suppose -5*m = 2*v - 49 + 2, 3*v = -12. Suppose 88 = 9*q - m*q. What is the units digit of 3220/44 + 8/q?
3
Let g = 15503 + -7472. What is the units digit of g?
1
Let o be (-5)/50*4 - (-17)/5. Suppose -o*k + x = -438, 0 = k + x + 2*x - 156. Let b = -44 + k. What is the hundreds digit of b?
1
Suppose 4*v = -3*m + 75675, -m - 3*v + 20223 = -4997. What is the units digit of m?
9
Suppose 3*o + 4*q = 7, -9*o + 14*o - q - 27 = 0. Suppose 0 = -o*h + 4*h + 2*d + 71, -2*d + 237 = 3*h. What is the tens digit of h?
7
What is the units digit of 10/(-2)*((-18)/(-108) + 73317/(-18))?
5
Let d(w) = -13369*w - 17797. What is the hundreds digit of d(-6)?
4
Suppose 5*b - 2*f = -0*f + 150, 4*b = -3*f + 143. Let n = 2339 - 2283. Suppose n = 11*t - b. What is the units digit of t?
8
What is the thousands digit of -1*24/228 - 300360/(-76)?
3
Let g be (-2 - -1)/(9/(-54459)). Suppose 19*d - g = 219. What is the tens digit of d?
3
Suppose -2*l + 85*v = 83*v - 47158, 8*l - 4*v - 188652 = 0. What is the ten thousands digit of l?
2
Suppose 7 - 9 = -d. Suppose -j - 5*k + 668 = 0, -d*j = j - 3*k - 1914. What is the units digit of j?
3
Let d(s) = -888*s - 659. What is the units digit of d(-4)?
3
Let d be 2*(-230 - -28)*(-22)/(-8). Let s = d + 1684. What is the units digit of s?
3
Suppose -3*f - 2*p + 203465 = 0, 4*p = 2*f - 130653 - 4969. What is the thousands digit of f?
7
Suppose 13*p + 352355 = 18*p + 2*i, -5*p - 5*i = -352370. What is the ten thousands digit of p?
7
Suppose 4*o - 240 = -16*o. Suppose -4*r = 3*s - 112, o*s - 8*s - 148 = -4*r. What is the units digit of s?
6
Suppose -1856 = 3*t + 5*x + 683, -3*t = 2*x + 2533. Let m be t/3 - -1*(-2 + -2). Let a = 401 + m. What is the hundreds digit of a?
1
Suppose -2*b + 45 + 3 = 0. Let o be 2/23 + (1 - (94091/23)/(-1)). What is the units digit of 2/(-4) + o/b?
0
Suppose -68*o = -2*r - 70*o + 157456, o - 314891 = -4*r. What is the units digit of r?
1
Suppose -4 = 354*m - 359*m + 2*r, -19 = -2*m - 5*r. Let z(w) = w**2 - w + 142. Let h be z(0). What is the tens digit of 10 + h - -2*m/4?
5
Let o = 407 - 381. Suppose -40*h + o*h + 8386 = 0. What is the tens digit of h?
9
Suppose -18*d + 47432 + 67714 = 0. What is the tens digit of d?
9
Let z = 19329 - 11896. What is the hundreds digit of z?
4
Let q(j) = 146*j - 27. Let s be q(-2). Let p = s + 651. What is the hundreds digit of p?
3
Suppose 304522 = 35*a + 136986 - 2058814. What is the ten thousands digit of a?
6
Suppose -2*h = 2*h + u + 500, -h = u + 128. Let l = 227 + h. Let b = -78 + l. What is the units digit of b?
5
Suppose -158 = 3*n - 647. Suppose -t = 2*i + 140 + 62, -2*i - 5*t - 194 = 0. Let s = n + i. What is the units digit of s?
1
Let f(y) be the second derivative of -137*y**3/6 - 47*y**2 - 6*y - 4. What is the tens digit of f(-6)?
2
Let h(f) = 3*f + 50. Let q be h(-15). Suppose 15 = -q*u, -4*u + 973 = 3*v - 425. What is the units digit of v?
0
Suppose -2*j + 5 = -7*j. Let b(p) = 58*p**2 - 3*p - 2. Let u be b(j). Let h = u - 14. What is the tens digit of h?
4
Let a be ((1/2)/(-1))/(3/(-54)). What is the tens digit of (-7)/(42/a) - 1618/(-4)?
0
Let f(t) = 2935*t - 40. What is the units digit of f(8)?
0
Suppose -2*u + 317 = -3*c, 0*c + u = 5*c + 540. Suppose -3*x - 110 = -b, -3*b = 4*x - 3*x - 360. Let l = b + c. What is the tens digit of l?
1
Let w = -15505 + 32794. What is the ten thousands digit of w?
1
What is the ten thousands digit of 20/(-100) - ((-451764)/(-20))/(-1)?
2
Suppose 0 = 12*n - 7*n + 80. Let s be 2/n - (1 + 132/(-32)). Suppose -s*x + 7 = -122. What is the tens digit of x?
4
What is the units digit of ((-1)/(81/36))/(6/(-22221))?
6
What is the thousands digit of 2/(-4) + -33 + 370538/28?
3
Let n(w) = w**3 - 5*w**2 + 2*w + 4. Let k be n(5). Suppose -5*x = k - 34. Suppose x*b - 192 = 2*c, 54 = b + 2*c - 4*c. What is the tens digit of b?
4
Let q(w) = -w - 9. Let f be q(-14). Suppose -1 - 8 = -f*c - y, -3*y - 3 = 0. Suppose 9 = -3*j, -c*v = 3*v - 4*j - 142. What is the tens digit of v?
2
Let l(y) = 196*y**2 + 33*y - 2. What is the hundreds digit of l(3)?
8
Let z(f) = 71*f**2 + 147*f + 116. What is the units digit of z(-19)?
4
Let l be (-6)/(-39) + 1036/26. Let p = l + -137. Let f = -68 - p. What is the tens digit of f?
2
Let x(b) be the first derivative of 42*b**4 - 2*b**3/3 + b**2/2 + 10. What is the units digit of x(1)?
7
Let b = -1254 + 4070. What is the units digit of (5/((-200)/b))/(1/(-5))?
2
Suppose -165*n + 409265 + 1707604 = 160794. What is the